{"id":19036,"date":"2021-03-01T14:18:33","date_gmt":"2021-03-01T14:18:33","guid":{"rendered":"https:\/\/cermaglianoalpi.it\/?page_id=19036"},"modified":"2021-03-02T13:10:12","modified_gmt":"2021-03-02T13:10:12","slug":"chi-siamo","status":"publish","type":"page","link":"https:\/\/cermaglianoalpi.it\/index.php\/chi-siamo\/","title":{"rendered":"Chi Siamo"},"content":{"rendered":"\t\t<div data-elementor-type=\"wp-page\" data-elementor-id=\"19036\" class=\"elementor elementor-19036\" data-elementor-post-type=\"page\">\n\t\t\t\t\t\t<section class=\"elementor-section elementor-top-section elementor-element elementor-element-fba2380 cspt-bg-color-yes cspt-elementor-bg-color-globalcolor elementor-section-full_width elementor-section-stretched cspt-col-stretched-none cspt-bg-color-over-image elementor-section-height-default elementor-section-height-default\" data-id=\"fba2380\" data-element_type=\"section\" data-e-type=\"section\" data-settings=\"{&quot;stretch_section&quot;:&quot;section-stretched&quot;}\">\n\t\t\t\t\t\t<div class=\"elementor-container elementor-column-gap-default\">\n\t\t\t\t\t<div class=\"elementor-column elementor-col-100 elementor-top-column elementor-element elementor-element-43c8301 cspt-bg-color-over-image\" data-id=\"43c8301\" data-element_type=\"column\" data-e-type=\"column\">\n\t\t\t<div class=\"elementor-widget-wrap elementor-element-populated\">\n\t\t\t\t\t\t<div class=\"elementor-element elementor-element-3531544 elementor-widget elementor-widget-text-editor\" data-id=\"3531544\" data-element_type=\"widget\" data-e-type=\"widget\" data-widget_type=\"text-editor.default\">\n\t\t\t\t<div class=\"elementor-widget-container\">\n\t\t\t\t\t\t\t\t\t<p>Siamo una <strong>Comunit\u00e0 di Energia Rinnovabile (CER)<\/strong>, costituita il 18 dicembre 2020 ai sensi del decreto-legge 162\/19 (articolo 42bis) e dei relativi provvedimenti attuativi, quali la delibera 318\/2020\/R\/eel dell&#8217;ARERA\u00a0 e il DM 16 settembre 2020 del MiSE.<\/p>\t\t\t\t\t\t\t\t<\/div>\n\t\t\t\t<\/div>\n\t\t\t\t\t<\/div>\n\t\t<\/div>\n\t\t\t\t\t<\/div>\n\t\t<\/section>\n\t\t\t\t<section class=\"elementor-section elementor-top-section elementor-element elementor-element-ffdf441 elementor-section-full_width elementor-section-stretched cspt-col-stretched-none cspt-bg-color-over-image elementor-section-height-default elementor-section-height-default\" data-id=\"ffdf441\" data-element_type=\"section\" data-e-type=\"section\" data-settings=\"{&quot;stretch_section&quot;:&quot;section-stretched&quot;,&quot;background_background&quot;:&quot;classic&quot;}\">\n\t\t\t\t\t\t<div class=\"elementor-container elementor-column-gap-default\">\n\t\t\t\t\t<div class=\"elementor-column elementor-col-100 elementor-top-column elementor-element elementor-element-738f434 cspt-bg-color-over-image\" data-id=\"738f434\" data-element_type=\"column\" data-e-type=\"column\">\n\t\t\t<div class=\"elementor-widget-wrap elementor-element-populated\">\n\t\t\t\t\t\t<div class=\"elementor-element elementor-element-7dc4eae elementor-widget elementor-widget-image\" data-id=\"7dc4eae\" data-element_type=\"widget\" data-e-type=\"widget\" data-widget_type=\"image.default\">\n\t\t\t\t<div class=\"elementor-widget-container\">\n\t\t\t\t\t\t\t\t\t\t\t\t\t\t\t<img fetchpriority=\"high\" decoding=\"async\" width=\"1052\" height=\"444\" src=\"https:\/\/cermaglianoalpi.it\/wp-content\/uploads\/2021\/03\/c253b5e9-f8c6-4c77-b24e-833bf5ab8293.jpg\" class=\"attachment-2048x2048 size-2048x2048 wp-image-19274\" alt=\"\" srcset=\"https:\/\/cermaglianoalpi.it\/wp-content\/uploads\/2021\/03\/c253b5e9-f8c6-4c77-b24e-833bf5ab8293.jpg 1052w, https:\/\/cermaglianoalpi.it\/wp-content\/uploads\/2021\/03\/c253b5e9-f8c6-4c77-b24e-833bf5ab8293-300x127.jpg 300w, https:\/\/cermaglianoalpi.it\/wp-content\/uploads\/2021\/03\/c253b5e9-f8c6-4c77-b24e-833bf5ab8293-1024x432.jpg 1024w, https:\/\/cermaglianoalpi.it\/wp-content\/uploads\/2021\/03\/c253b5e9-f8c6-4c77-b24e-833bf5ab8293-768x324.jpg 768w, https:\/\/cermaglianoalpi.it\/wp-content\/uploads\/2021\/03\/c253b5e9-f8c6-4c77-b24e-833bf5ab8293-770x325.jpg 770w\" sizes=\"(max-width: 1052px) 100vw, 1052px\" data-id=\"19274\" \/>\t\t\t\t\t\t\t\t\t\t\t\t\t\t\t<\/div>\n\t\t\t\t<\/div>\n\t\t\t\t\t<\/div>\n\t\t<\/div>\n\t\t\t\t\t<\/div>\n\t\t<\/section>\n\t\t\t\t<section class=\"elementor-section elementor-top-section elementor-element elementor-element-db06d73 cspt-bg-color-yes cspt-elementor-bg-color-light elementor-section-full_width elementor-section-stretched cspt-col-stretched-none cspt-bg-color-over-image elementor-section-height-default elementor-section-height-default\" data-id=\"db06d73\" data-element_type=\"section\" data-e-type=\"section\" data-settings=\"{&quot;stretch_section&quot;:&quot;section-stretched&quot;}\">\n\t\t\t\t\t\t<div class=\"elementor-container elementor-column-gap-default\">\n\t\t\t\t\t<div class=\"elementor-column elementor-col-100 elementor-top-column elementor-element elementor-element-52520fe cspt-bg-color-over-image\" data-id=\"52520fe\" data-element_type=\"column\" data-e-type=\"column\">\n\t\t\t<div class=\"elementor-widget-wrap elementor-element-populated\">\n\t\t\t\t\t\t<div class=\"elementor-element elementor-element-beb81aa elementor-widget elementor-widget-image-gallery\" data-id=\"beb81aa\" data-element_type=\"widget\" data-e-type=\"widget\" data-widget_type=\"image-gallery.default\">\n\t\t\t\t<div class=\"elementor-widget-container\">\n\t\t\t\t\t\t\t<div class=\"elementor-image-gallery\">\n\t\t\t<div id='gallery-1' class='gallery galleryid-19036 gallery-columns-4 gallery-size-medium'><figure class='gallery-item'>\n\t\t\t<div class='gallery-icon landscape'>\n\t\t\t\t<a data-elementor-open-lightbox=\"yes\" data-elementor-lightbox-slideshow=\"beb81aa\" data-elementor-lightbox-title=\"Magliano Alpi\" data-e-action-hash=\"#elementor-action%3Aaction%3Dlightbox%26settings%3DeyJpZCI6MTkwMzEsInVybCI6Imh0dHBzOlwvXC9jZXJtYWdsaWFub2FscGkuaXRcL3dwLWNvbnRlbnRcL3VwbG9hZHNcLzIwMjFcLzAzXC9NYWdsaWFuby1BbHBpLmpwZyIsInNsaWRlc2hvdyI6ImJlYjgxYWEifQ%3D%3D\" href='https:\/\/cermaglianoalpi.it\/wp-content\/uploads\/2021\/03\/Magliano-Alpi.jpg'><img decoding=\"async\" width=\"300\" height=\"169\" src=\"https:\/\/cermaglianoalpi.it\/wp-content\/uploads\/2021\/03\/Magliano-Alpi-300x169.jpg\" class=\"attachment-medium size-medium\" alt=\"\" srcset=\"https:\/\/cermaglianoalpi.it\/wp-content\/uploads\/2021\/03\/Magliano-Alpi-300x169.jpg 300w, https:\/\/cermaglianoalpi.it\/wp-content\/uploads\/2021\/03\/Magliano-Alpi-1024x576.jpg 1024w, https:\/\/cermaglianoalpi.it\/wp-content\/uploads\/2021\/03\/Magliano-Alpi-768x432.jpg 768w, https:\/\/cermaglianoalpi.it\/wp-content\/uploads\/2021\/03\/Magliano-Alpi-1536x864.jpg 1536w, https:\/\/cermaglianoalpi.it\/wp-content\/uploads\/2021\/03\/Magliano-Alpi-770x433.jpg 770w, https:\/\/cermaglianoalpi.it\/wp-content\/uploads\/2021\/03\/Magliano-Alpi.jpg 1920w\" sizes=\"(max-width: 300px) 100vw, 300px\" data-id=\"19031\" \/><\/a>\n\t\t\t<\/div><\/figure><figure class='gallery-item'>\n\t\t\t<div class='gallery-icon landscape'>\n\t\t\t\t<a data-elementor-open-lightbox=\"yes\" data-elementor-lightbox-slideshow=\"beb81aa\" data-elementor-lightbox-title=\"comune 3\" data-e-action-hash=\"#elementor-action%3Aaction%3Dlightbox%26settings%3DeyJpZCI6MTkwMjEsInVybCI6Imh0dHBzOlwvXC9jZXJtYWdsaWFub2FscGkuaXRcL3dwLWNvbnRlbnRcL3VwbG9hZHNcLzIwMjFcLzAzXC9jb211bmUtMy5qcGciLCJzbGlkZXNob3ciOiJiZWI4MWFhIn0%3D\" href='https:\/\/cermaglianoalpi.it\/wp-content\/uploads\/2021\/03\/comune-3.jpg'><img decoding=\"async\" width=\"300\" height=\"169\" src=\"https:\/\/cermaglianoalpi.it\/wp-content\/uploads\/2021\/03\/comune-3-300x169.jpg\" class=\"attachment-medium size-medium\" alt=\"\" srcset=\"https:\/\/cermaglianoalpi.it\/wp-content\/uploads\/2021\/03\/comune-3-300x169.jpg 300w, https:\/\/cermaglianoalpi.it\/wp-content\/uploads\/2021\/03\/comune-3-1024x576.jpg 1024w, https:\/\/cermaglianoalpi.it\/wp-content\/uploads\/2021\/03\/comune-3-768x432.jpg 768w, https:\/\/cermaglianoalpi.it\/wp-content\/uploads\/2021\/03\/comune-3-1536x864.jpg 1536w, https:\/\/cermaglianoalpi.it\/wp-content\/uploads\/2021\/03\/comune-3-770x433.jpg 770w, https:\/\/cermaglianoalpi.it\/wp-content\/uploads\/2021\/03\/comune-3.jpg 1920w\" sizes=\"(max-width: 300px) 100vw, 300px\" data-id=\"19021\" \/><\/a>\n\t\t\t<\/div><\/figure><figure class='gallery-item'>\n\t\t\t<div class='gallery-icon landscape'>\n\t\t\t\t<a data-elementor-open-lightbox=\"yes\" data-elementor-lightbox-slideshow=\"beb81aa\" data-elementor-lightbox-title=\"comune\" data-e-action-hash=\"#elementor-action%3Aaction%3Dlightbox%26settings%3DeyJpZCI6MTkwMjIsInVybCI6Imh0dHBzOlwvXC9jZXJtYWdsaWFub2FscGkuaXRcL3dwLWNvbnRlbnRcL3VwbG9hZHNcLzIwMjFcLzAzXC9jb211bmUuanBnIiwic2xpZGVzaG93IjoiYmViODFhYSJ9\" href='https:\/\/cermaglianoalpi.it\/wp-content\/uploads\/2021\/03\/comune.jpg'><img loading=\"lazy\" decoding=\"async\" width=\"300\" height=\"169\" src=\"https:\/\/cermaglianoalpi.it\/wp-content\/uploads\/2021\/03\/comune-300x169.jpg\" class=\"attachment-medium size-medium\" alt=\"\" srcset=\"https:\/\/cermaglianoalpi.it\/wp-content\/uploads\/2021\/03\/comune-300x169.jpg 300w, https:\/\/cermaglianoalpi.it\/wp-content\/uploads\/2021\/03\/comune-1024x576.jpg 1024w, https:\/\/cermaglianoalpi.it\/wp-content\/uploads\/2021\/03\/comune-768x432.jpg 768w, https:\/\/cermaglianoalpi.it\/wp-content\/uploads\/2021\/03\/comune-1536x864.jpg 1536w, https:\/\/cermaglianoalpi.it\/wp-content\/uploads\/2021\/03\/comune-770x433.jpg 770w, https:\/\/cermaglianoalpi.it\/wp-content\/uploads\/2021\/03\/comune.jpg 1920w\" sizes=\"(max-width: 300px) 100vw, 300px\" data-id=\"19022\" \/><\/a>\n\t\t\t<\/div><\/figure><figure class='gallery-item'>\n\t\t\t<div class='gallery-icon landscape'>\n\t\t\t\t<a data-elementor-open-lightbox=\"yes\" data-elementor-lightbox-slideshow=\"beb81aa\" data-elementor-lightbox-title=\"comune 2\" data-e-action-hash=\"#elementor-action%3Aaction%3Dlightbox%26settings%3DeyJpZCI6MTkwMjAsInVybCI6Imh0dHBzOlwvXC9jZXJtYWdsaWFub2FscGkuaXRcL3dwLWNvbnRlbnRcL3VwbG9hZHNcLzIwMjFcLzAzXC9jb211bmUtMi5qcGciLCJzbGlkZXNob3ciOiJiZWI4MWFhIn0%3D\" href='https:\/\/cermaglianoalpi.it\/wp-content\/uploads\/2021\/03\/comune-2.jpg'><img loading=\"lazy\" decoding=\"async\" width=\"300\" height=\"169\" src=\"https:\/\/cermaglianoalpi.it\/wp-content\/uploads\/2021\/03\/comune-2-300x169.jpg\" class=\"attachment-medium size-medium\" alt=\"\" srcset=\"https:\/\/cermaglianoalpi.it\/wp-content\/uploads\/2021\/03\/comune-2-300x169.jpg 300w, https:\/\/cermaglianoalpi.it\/wp-content\/uploads\/2021\/03\/comune-2-1024x576.jpg 1024w, https:\/\/cermaglianoalpi.it\/wp-content\/uploads\/2021\/03\/comune-2-768x432.jpg 768w, https:\/\/cermaglianoalpi.it\/wp-content\/uploads\/2021\/03\/comune-2-1536x864.jpg 1536w, https:\/\/cermaglianoalpi.it\/wp-content\/uploads\/2021\/03\/comune-2-770x433.jpg 770w, https:\/\/cermaglianoalpi.it\/wp-content\/uploads\/2021\/03\/comune-2.jpg 1920w\" sizes=\"(max-width: 300px) 100vw, 300px\" data-id=\"19020\" \/><\/a>\n\t\t\t<\/div><\/figure>\n\t\t<\/div>\n\t\t<\/div>\n\t\t\t\t\t\t<\/div>\n\t\t\t\t<\/div>\n\t\t\t\t\t<\/div>\n\t\t<\/div>\n\t\t\t\t\t<\/div>\n\t\t<\/section>\n\t\t\t\t<section class=\"elementor-section elementor-top-section elementor-element elementor-element-8902818 cspt-col-stretched-none cspt-bg-color-over-image elementor-section-boxed elementor-section-height-default elementor-section-height-default\" data-id=\"8902818\" data-element_type=\"section\" data-e-type=\"section\">\n\t\t\t\t\t\t<div class=\"elementor-container elementor-column-gap-default\">\n\t\t\t\t\t<div class=\"elementor-column elementor-col-100 elementor-top-column elementor-element elementor-element-21828cb cspt-bg-color-over-image\" data-id=\"21828cb\" data-element_type=\"column\" data-e-type=\"column\">\n\t\t\t<div class=\"elementor-widget-wrap elementor-element-populated\">\n\t\t\t\t\t\t<div class=\"elementor-element elementor-element-5b9ec99 elementor-widget elementor-widget-text-editor\" data-id=\"5b9ec99\" data-element_type=\"widget\" data-e-type=\"widget\" data-widget_type=\"text-editor.default\">\n\t\t\t\t<div class=\"elementor-widget-container\">\n\t\t\t\t\t\t\t\t\t<p>Tutto \u00e8 cominciato il 28 aprile 2020, quando la Giunta Comunale di Magliano Alpi ha deliberato di aderire al \u201cManifesto delle Comunit\u00e0 Energetiche per una centralit\u00e0 attiva del Cittadino nel nuovo mercato dell\u2019energia\u201d promosso dall\u2019Energy Center del Politecnico di Torino, che focalizza l\u2019attenzione sulla centralit\u00e0 del cittadino-prosumer e quello della Comunit\u00e0, come capacit\u00e0 di aggregazione a livello locale, per offrire servizi ai propri membri e portare benefici socio-economici alla comunit\u00e0 locale.\u00a0<\/p><p>Il Comune ha poi promosso una manifestazione di interesse per raccogliere adcesioni alla costituenda CER.<\/p><p>Il 4 dicembre 2020 a Magliano Alpi \u00e8 stata costituita la prima CER, Comunit\u00e0 Energetica Rinnovabile Energy City Hall, registrata alla Agenzia delle Entrate il 18 dicembre. Il referente, in attesa dell\u2019elezione degli organi rappresentativi, \u00e8 lo stesso sindaco, Marco Bailo, che intende costituire altre due CER nella prima met\u00e0 del 2021.<\/p><p>Presidente del Comitato Scientifico della CER \u00e8 l\u2019ing. Sergio Olivero, esperto di modelli di business innovativi per la transizione energetica.<\/p><p>In qualit\u00e0 di coordinatore e prosumer della CER, il Comune di Magliano Alpi ha messo a disposizione un impianto fotovoltaico da 20 Kwp realizzato dopo il 1 marzo 2020. Installato sul tetto del Palazzo comunale, l\u2019impianto \u00e8 collegato al POD del Municipio e pu\u00f2 condividere l\u2019energia prodotta e non autoconsumata con la CER, attualmente formata dalle utenze della biblioteca, della palestra e delle scuole, oltre ai quattro residenti che per primi hanno aderito al nucleo di partenza. Allo stesso impianto saranno collegate anche le due colonnine di ricarica EV, utilizzabili gratuitamente dai residenti.<\/p><p>La CER punta a collegare alcune decine fra prosumer e utenti nel corso del 2021.<\/p><p>L\u2019impianto fotovoltaico \u00e8 stato installato nel mese di maggio 2020, subito dopo il primo lockdown, sulla falda Sus del palazzo municipale. Pur potendo optare per lo Scambio sul Posto, abbiamo aspettato l\u2019evoluzione della normativa per partire subito con la CER. La politica energetica del Comune, definita nel programma elettorale con cui siamo stati rieletti nel 2019, si pone l\u2019obiettivo strategico di puntare alla riduzione dei consumi energetici degli edifici pubblici e alla produzione di energia da fonti rinnovabili.<\/p><p>Il Comune di Magliano Alpi \u00e8 piccolo (2.230 abitanti), ma di <strong>esercitare un ruolo attivo come Pubblica Amministrazione nello sviluppo di modelli innovativi per il rilancio del territorio<\/strong>. La missione delle Pubbliche Amministrazione \u00e8 quella di cogliere queste opportunit\u00e0, infondere fiducia ai cittadini per renderli protagonisti consapevoli della transizione energetica e partecipi dei vantaggi ambientali ed economici che le CER potranno portare. Dopo questa tremenda pandemia, vogliamo mettere a disposizione dei comuni limitrofi e via via al resto del territorio il know-how acquisito.<\/p><p>La CER deve diventare un catalizzatore di \u201c<strong>filiere corte locali<\/strong>\u201d, ad alto valore aggiunto e a forte valenza conoscitiva e tecnologica. In effetti gi\u00e0 in questa prima CER abbiamo coinvolto non solo privati cittadini, ma anche tecnici e artigiani locali appartenenti al mondo delle partite IVA, proprio per diffondere questo messaggio, facendo in modo di far appassionare una platea ampia di persone e creare una narrazione che sia motore del cambiamento verso una economia \u201cgreen\u201d.<\/p><p>I membri della CER sono privati cittadini, professionisti, artigiani, e ovviamente il Comune di Magliano Alpi in qualit\u00e0 di ente pubblico, tutti collegati alla medesima cabina di trasformazione. Abbiamo avuto una buona risposta dei cittadini maglianesi alla Manifestazione di Interesse pubblicato sul sito web del Comune anche se al momento rimane il vincolo di essere connessi alla medesima sottostazione.\u00a0 Diversi cittadini hanno manifestato il proposito di installare a loro volta nuovi impianti.<\/p><p>Il Comune ha acquistato gli <strong>smart meters<\/strong>, che sono stati collegati a tutti i POD aderenti alla CER. In parallelo ai calcoli dell\u2019energia condivisa che fornir\u00e0 il GSE, \u00e8 stata scelta la piattaforma di gestione <strong>Energy4Com<\/strong> per l\u2019analisi dei flussi energetici di produzione e consumo e il management di tutti i servizi energetici.<\/p><p>Il Comune sta anche aggregando un \u201c<strong>GOC<\/strong>\u201d (<strong>Gruppo Operativo di Comunit\u00e0<\/strong>), soggetto di natura cooperativa, finalizzato a creare una \u201c<strong>filiera corta di tecnici, progettisti, installatori e manutentori<\/strong>\u201d: le CER rappresentano pertanto il catalizzatore di tale processo di aggregazione di competenze sul territorio, essenziale per creare sviluppo e posti di lavoro nella fase post pandemica.<\/p><p>La CER Energy City Hall ha siglato un accordo di collaborazione con la start-up innovativa a valenza sociale\u00a0<a href=\"https:\/\/energy4com.eu\" target=\"_blank\" rel=\"noopener\">Energy4Com<\/a>\u00a0per la gestione tecnico-operativa delle attivit\u00e0.<\/p>\t\t\t\t\t\t\t\t<\/div>\n\t\t\t\t<\/div>\n\t\t\t\t\t<\/div>\n\t\t<\/div>\n\t\t\t\t\t<\/div>\n\t\t<\/section>\n\t\t\t\t<\/div>\n\t\t","protected":false},"excerpt":{"rendered":"<p>Siamo una Comunit\u00e0 di Energia Rinnovabile (CER), costituita il 18 dicembre 2020 ai sensi del decreto-legge 162\/19 (articolo 42bis) e dei relativi provvedimenti attuativi, quali la delibera 318\/2020\/R\/eel dell&#8217;ARERA\u00a0 e il DM 16 settembre 2020 del MiSE. Tutto \u00e8 cominciato il 28 aprile 2020, quando la Giunta Comunale di Magliano Alpi ha deliberato di aderire [&hellip;]<\/p>\n","protected":false},"author":4,"featured_media":19031,"parent":0,"menu_order":0,"comment_status":"closed","ping_status":"closed","template":"","meta":{"_acf_changed":false,"footnotes":""},"class_list":["post-19036","page","type-page","status-publish","has-post-thumbnail","hentry"],"acf":[],"_links":{"self":[{"href":"https:\/\/cermaglianoalpi.it\/index.php\/wp-json\/wp\/v2\/pages\/19036","targetHints":{"allow":["GET"]}}],"collection":[{"href":"https:\/\/cermaglianoalpi.it\/index.php\/wp-json\/wp\/v2\/pages"}],"about":[{"href":"https:\/\/cermaglianoalpi.it\/index.php\/wp-json\/wp\/v2\/types\/page"}],"author":[{"embeddable":true,"href":"https:\/\/cermaglianoalpi.it\/index.php\/wp-json\/wp\/v2\/users\/4"}],"replies":[{"embeddable":true,"href":"https:\/\/cermaglianoalpi.it\/index.php\/wp-json\/wp\/v2\/comments?post=19036"}],"version-history":[{"count":48,"href":"https:\/\/cermaglianoalpi.it\/index.php\/wp-json\/wp\/v2\/pages\/19036\/revisions"}],"predecessor-version":[{"id":19292,"href":"https:\/\/cermaglianoalpi.it\/index.php\/wp-json\/wp\/v2\/pages\/19036\/revisions\/19292"}],"wp:featuredmedia":[{"embeddable":true,"href":"https:\/\/cermaglianoalpi.it\/index.php\/wp-json\/wp\/v2\/media\/19031"}],"wp:attachment":[{"href":"https:\/\/cermaglianoalpi.it\/index.php\/wp-json\/wp\/v2\/media?parent=19036"}],"curies":[{"name":"wp","href":"https:\/\/api.w.org\/{rel}","templated":true}]}}